 + 70*t - 377. What are the prime factors of z(6)?
7, 577
Let k = 30 - 27. Suppose 5*n - 4*t = 379, 4*n - k*t + 4*t = 320. What are the prime factors of n?
79
Let x = 1393 - 712. What are the prime factors of x?
3, 227
Let m(v) be the first derivative of v**3/3 + 57*v + 13. List the prime factors of m(0).
3, 19
Let y be (1 - 0) + 36/(-9). Let k be 3 - -15*y/(-3). Suppose -102 = -4*q + 3*n, -n + 38 = 2*q - k. List the prime factors of q.
3
Suppose 4*i - z - 2644 = 0, 9*i - 7*i - 3*z = 1322. What are the prime factors of i?
661
Let r(m) = -13*m + 4. Suppose 0 = -5*t - z - 20, 0*z = 2*t - 4*z - 14. List the prime factors of r(t).
43
Suppose 3*r - 3*t + 21 = -2*r, -5*t = r - 7. Let g(q) = 102*q + 2. Let a be g(r). What are the prime factors of (a/(-20))/(2/5)?
2, 19
Let f = 11 + -9. Suppose 16 + 14 = f*p. List the prime factors of p.
3, 5
Suppose 0 = -5*p + 2*l + 221 + 574, -3*l = 15. Let o = p - 61. What are the prime factors of o?
2, 3
Let k(i) = -i**3 - 7*i**2 + 2*i - 14. Let z(a) = a - 37. Let g be z(28). What are the prime factors of k(g)?
2, 5, 13
Let m be ((-4 - -7) + -36)*(-2)/6. Suppose -m*o + 605 + 572 = 0. List the prime factors of o.
107
Suppose 4*c = 4*a - 9*a + 84, 2*c - 34 = -2*a. What are the prime factors of a/28 + (-516)/(-28)?
19
Suppose 0 = 5*u - 762 - 148. What are the prime factors of u?
2, 7, 13
Let m(s) = s**3 + 6*s**2 + 1118. List the prime factors of m(0).
2, 13, 43
Suppose -6 = -5*w + 4. Suppose -265 = -w*q - 3*q. What are the prime factors of q?
53
Let b(y) = -y**3 - 5*y**2 - 3*y + 31. What are the prime factors of b(-8)?
13, 19
Let z = -16 + 9. Let r = -7 - z. Suppose -3*s + 18 = 3*d - r*s, -3*d - 4*s + 15 = 0. List the prime factors of d.
3
Let k = -105 + 693. What are the prime factors of k?
2, 3, 7
Let b = 42 - 45. List the prime factors of 0 + b/(-18) + 874/12.
73
Let g(n) = n + 109. Let v be g(0). Suppose 135 = 4*h + 5*m, v = -4*h + 4*m + 289. List the prime factors of h.
2, 5
Let t be 0/(3 - (3 + 1)). Let b(d) = -d**2 + 2*d + 3. Let n be b(t). Suppose o = 4*p + 17, 2*o - 10 - 44 = n*p. What are the prime factors of o?
3, 11
Let n(x) = 7*x**2 - 5*x**2 - 125 + 9*x + 3*x**2 + 109. List the prime factors of n(5).
2, 7, 11
Suppose 5*p - 113 = -3*s, 2*s = -p + 26 - 9. Let t be 0/2 - (-3 + -2). Suppose p - t = 2*j. List the prime factors of j.
2, 5
Let g = 770 - 157. List the prime factors of g.
613
Let x(p) = 2*p**2 - 20*p + 22. Let i be x(9). Suppose l + 2*l = -u + 71, i*l + 187 = 3*u. List the prime factors of u.
5, 13
Let c = 197 - 205. Let q(b) = b**3 + 3*b**2 + 11*b + 13. Let u(g) = g**3 + 4*g**2 + 10*g + 12. Let z(m) = 4*q(m) - 5*u(m). List the prime factors of z(c).
2, 5
Let l(i) = -i**3 + 19*i**2 - 17*i + 12. Let v be l(18). List the prime factors of 27/2*v/9.
3, 5
Let d(x) = x**2 + 218. Let w = 12 - 12. List the prime factors of d(w).
2, 109
Suppose -4*f = 4, 0 = -4*q - f + 2*f + 9. Let w = 16 + -14. Suppose m - 50 = i, q*m + w*i = 7*m - 259. List the prime factors of m.
53
Suppose -13 - 12 = -5*s. Suppose -s*l - 18 = -u, 2*l - 32 = u - 2*u. Suppose -u = -3*c - c. What are the prime factors of c?
7
Let b(d) = -d**2 - 9*d + 12. Let g be b(-11). Let y(a) = a**2 + 11*a - 1. Let o be y(g). Let r = 37 + o. List the prime factors of r.
2, 13
Let t(a) = -a**2 + 3*a. Suppose -3*n + 9 = 3*p, p - 5*n = 17 - 2. Let k be t(p). Let m(d) = -d**2 - 15*d - 15. List the prime factors of m(k).
5, 7
Suppose -u = 3*m - 258, 4*m = u + 95 + 242. Let w = m + -40. List the prime factors of (-1 - 2 - -5) + w.
47
Let w = 22 - 17. Suppose -3*h = 2*r - 12, -2*h = -r + 1 + w. What are the prime factors of r?
2, 3
Suppose 9*s - 25*s + 3344 = 0. List the prime factors of s.
11, 19
Let o(i) = 3*i - 1. Let a be ((-5)/15)/((-3)/(-9)). Let n be o(a). List the prime factors of n/(-24) + (-884)/(-24).
37
Suppose -4 = -y - 3*v + 8, 0 = 3*y + 5*v - 24. Suppose -3*t - 2*t + 617 = -y*w, -5*t = 5*w - 625. What are the prime factors of t?
2, 31
Suppose -2*b + 1 = 3, 5*b + 9 = 2*l. Suppose l*y - 537 = -y. What are the prime factors of y?
179
Suppose 0 = 5*h - 2*h - 42. Suppose -9*u = -h*u + 40. What are the prime factors of u?
2
Suppose 164*q = 144*q + 4200. List the prime factors of q.
2, 3, 5, 7
Let t = -1175 - -2136. What are the prime factors of t?
31
List the prime factors of 3*((-10)/(-70) + 704/21).
101
Suppose -4*a = 5*n - 71, -a - 27 = -3*n + 19. Let p be 1*1/(1/5). Suppose -n + p = -b. What are the prime factors of b?
2, 5
Suppose 286 = 5*s + f, -5*f = 7*s - 3*s - 212. List the prime factors of s.
2, 29
Let z(p) = -4*p**3 - 7*p**2 - 34*p + 1. List the prime factors of z(-4).
281
Suppose f - 18 = -2*f. Suppose -f = t - 25. List the prime factors of t.
19
Let r = 3 + -11. Let z be (r/4)/(2/2). What are the prime factors of z - -3 - -1*27?
2, 7
Suppose 0 = -5*f - 10, 0 = v - f - 3*f - 10. Let t(o) = 6 - 10*o - o - o**2 + v. List the prime factors of t(-9).
2, 13
Let j be (36/30)/((-3)/(-10)). Suppose 26 = j*y - 3*y. Let d = -8 + y. List the prime factors of d.
2, 3
Let x = 4252 - 2162. What are the prime factors of x?
2, 5, 11, 19
Let i(v) = 2*v**2 + 6*v + 646. What are the prime factors of i(31)?
2, 3, 17
Let h(y) = -y**2 - 4*y + 21. Let r be h(9). Suppose g = -5*i - 68, -81 = -3*g + 2*i - 285. Let q = g - r. What are the prime factors of q?
2, 7
Let c(x) = -2*x - 40 - 17*x - 45 + 71 + 3*x**2. What are the prime factors of c(12)?
2, 5, 19
Let m = 1588 + -1120. Suppose 348 = 4*h + 4*t, -21 + m = 5*h + t. What are the prime factors of h?
2, 3, 5
Let d(q) = 2*q**3 + 2*q**2 + q. Let y be d(-1). Let v be ((2 + y)*-2)/(-1). Suppose -4*w = 3*i - 12, -i = v*w + 2*i - 6. List the prime factors of w.
3
Let s(d) = 41*d**2 - 2*d - 8 + 9 + 0. What are the prime factors of s(-1)?
2, 11
Let l = -532 - -778. List the prime factors of l.
2, 3, 41
Suppose -4*z + 15 = -9. Suppose -69 = -z*f + 159. Let a = f - 32. What are the prime factors of a?
2, 3
Let d(x) = 349*x - 361. List the prime factors of d(9).
2, 5, 139
List the prime factors of ((-788)/(-16) - -1)*(11 + -3).
2, 3, 67
Let v = -14 - -44. Let a = v + -7. What are the prime factors of a?
23
Let x = -522 + 1120. What are the prime factors of x?
2, 13, 23
Suppose -2*l + 3*l = 0. Let w = l - 6. List the prime factors of (-47)/(-3) - w/(-9).
3, 5
Suppose -6*g - 225 = -11*g + 5*q, 4*q + 12 = 0. Suppose -36 = -h - 10. Let x = g - h. What are the prime factors of x?
2
Suppose 0 = -5*p - 3*g + 313, g - 2 = -1. Let c = 43 - p. Let r = 26 + c. List the prime factors of r.
7
Let v(m) = 4*m - 14. Let g(h) = h. Let s(p) = 5*g(p) - v(p). Suppose -3*w = 2*w. What are the prime factors of s(w)?
2, 7
Let m = 153 + 123. List the prime factors of m.
2, 3, 23
Let f(y) = -y**3 - 3*y**2 - y - 5. Let q be f(-4). Suppose 0 = -3*u + 2*o + 3, -5*u - 4*o + 12 = -q. Suppose -2*x - 22 = -u*x. List the prime factors of x.
2, 11
Suppose -5*s + 0 = 3*g - 23, -11 = 5*g - 4*s. Suppose d = -3*d + 8. List the prime factors of 25/d - g/(-2).
13
Let x(c) = -c**2 + 51*c + 9. List the prime factors of x(36).
3, 61
Let n be 186/(6 + -4) + -4. Suppose -23 = -4*q + n. What are the prime factors of q?
2, 7
Let u be 10/(4 - 22/5). Let i = -17 - u. What are the prime factors of (25/(-2))/((-4)/i)?
5
Let j = 19 - 19. Suppose -10 = -5*x - j. Suppose -43 + 11 = -x*l. What are the prime factors of l?
2
Let i = 46 + 39. Suppose b + i = 2*b. List the prime factors of b.
5, 17
Suppose -69*f = -119101 - 74099. What are the prime factors of f?
2, 5, 7
Let r(x) = -x + 156*x**2 + 0*x + x - 3*x - 1. What are the prime factors of r(-1)?
2, 79
Suppose -3*a = -2*a - 50. Suppose 0 = 3*j - a + 29. List the prime factors of j.
7
Let c(k) = 6 - k + 0*k + 2*k**2 + 1 + k**2. What are the prime factors of c(3)?
31
Suppose 3*n - 6 = 0, 183 = u + 4*u - n. Let j = 50 - u. List the prime factors of j.
13
Let h(c) = 14*c - 28. Let x be h(3). What are the prime factors of (x/56)/((-2)/(-16)) + 55?
3, 19
Let x(p) = -2*p**2 + 60*p + 12. What are the prime factors of x(28)?
2, 31
Let y = 1322 + -206. What are the prime factors of y?
2, 3, 31
Let w = 42 + -52. Let t(i) be the third derivative of -i**5/60 - 7*i**4/12 - 2*i**3 + i**2. What are the prime factors of t(w)?
2, 7
Let k(p) = 31*p**2 - 7*p + 16. Let j be k(3). Let t = j + -38. What are the prime factors of t?
2, 59
Sup